ber?
False
Let m(q) = q**3 - 4*q**2 - 7*q + 5. Let k be m(5). Let x(u) = 4*u - 7. Let c(h) = h - 1. Let b(z) = 2*c(z) - x(z). Is b(k) composite?
True
Let l = 99 - -42. Suppose -z + l = -0*z. Is z a prime number?
False
Suppose -f - 8 = -j + f, 2*j = 5*f + 19. Suppose 4*z - 835 = -j*s + 99, 5*s - 2335 = 2*z. Is s prime?
True
Let j = 3331 - 2168. Is j a prime number?
True
Is ((-2)/3)/((-6)/2763) prime?
True
Let f(w) = -w**3 - w**2 + 5*w + 3. Let k be f(-3). Let d = -4 + k. Suppose 0 = 2*b + d*b - 148. Is b composite?
False
Let r(x) = 33*x**3 + 2*x**2 - 4*x + 5. Is r(2) composite?
False
Let b be 202/18 - (-12)/(-54). Is (-2)/(-11) + 1307/b composite?
True
Suppose -5*h + m = 793, -4*h - m = h + 797. Suppose 3 = 4*j + 7. Is j/((6/h)/2) prime?
True
Suppose -9*k + 22955 = -166. Is k prime?
False
Suppose 2*o = o + 103. Is o a prime number?
True
Is 2 + ((-8)/(-4) - -1531) prime?
False
Suppose -2*x + 6*x - 8 = 0. Suppose -x*j + s + 0*s = -111, 270 = 5*j + 5*s. Is j a prime number?
False
Let x(h) = 4*h**2 - h. Let u be x(-1). Let v be ((-12)/(-5))/(-3)*u. Let m = v - -8. Is m composite?
True
Let u(p) = 7*p**2 + 6*p + 6. Suppose 3*m - 4 = 3*l - 2*l, l + 5*m - 20 = 0. Is u(l) prime?
True
Let s(k) be the third derivative of k**5/60 + 7*k**4/24 + 11*k**3/6 + 3*k**2. Suppose -3*j = -4*j - 8. Is s(j) a composite number?
False
Let y = 11 - 8. Suppose -39 = -y*h + 4*d, 0 = 2*h - h - 4*d - 13. Suppose -4*a + 3*a + h = 0. Is a a composite number?
False
Let o(y) = -13*y**3 + y - 17*y**3 - 17*y**3 + y**2. Let q(z) = -z**2 + 4*z - 1. Let s be q(4). Is o(s) a prime number?
True
Suppose 0 = -5*d - 5, s + 58 = 3*s - 2*d. Suppose 2*g + o - 78 = -2*g, -g + 4*o = -s. Suppose x - g = 2. Is x a prime number?
False
Let u = 1146 - 515. Is u a composite number?
False
Let b(h) = -h**2 - 17*h - 16. Let z be b(-12). Let l = 65 - z. Is l a composite number?
True
Let z(j) = -j + 8. Let q be z(4). Suppose q*r + 16 = -i + 36, 2*i - 15 = -3*r. Let p = -1 + r. Is p a composite number?
True
Let u(v) = v**3 - 5*v**2 + 2*v + 3. Is u(7) a composite number?
True
Let o(z) = z**3 + 7*z**2 + 7*z + 9. Let l(w) = -5*w**3 - 2*w**2 + 1. Let g be l(1). Let y be o(g). Suppose -35 = y*j - 92. Is j prime?
True
Is (-2)/1 - 532/(-2) - 1 composite?
False
Let m(g) = -1868*g**3 + g**2 + g - 1. Is m(-1) a composite number?
False
Suppose -2*n + 106 = -6. Let y = n - -135. Is y composite?
False
Suppose 6*d = d + 2*u + 3713, 5*d - 3720 = -5*u. Is d prime?
True
Let b(u) = -8 - 13 - 11*u - 12 + 37. Suppose 5 = -3*v - 4*o, -3*v - 2*o + 0*o - 7 = 0. Is b(v) prime?
True
Suppose -4*j + 19 = -5*y, 2*y + 2*j + 3 = -1. Let h be (1 - 2)/(1/y). Suppose i = h*d + 55, -d = i + 2*d - 37. Is i a composite number?
True
Suppose -s - 2*w = -156 - 2775, -5*s + 14662 = 3*w. Is s a composite number?
True
Let y = 4 + -2. Suppose -y*x - 5*k = -402, x + 2*k - 195 = -2*k. Is x a composite number?
False
Suppose 0 = 4*s + 192 - 48. Let v be 3/(-6)*0 - 57. Let q = s - v. Is q a composite number?
True
Is (-3656)/(-5) + 21/(-105) a composite number?
True
Let z = -1 - 0. Let t(s) = -2*s**3 - 2*s**2 - s. Let a be t(z). Is (84 - 1)/1*a a composite number?
False
Let k(u) = u**3 + 6*u**2 + 4*u + 4. Suppose 0 = -2*g + 3*p - 18 + 3, -5*g - 9 = 2*p. Is k(g) prime?
True
Suppose 2*n - 5*d = 5*n - 231, n + 5*d - 77 = 0. Is n + -2 - -1 - -1 a composite number?
True
Let h = -50 - -81. Suppose 2*x = -h + 133. Is x a composite number?
True
Is (-3 - -1 - 3)*(-12044)/20 a composite number?
False
Suppose 725 - 129 = 2*y. Suppose y = 2*r + 4*k, 149 = -0*r + r + 5*k. Is r a prime number?
True
Let s(z) = 33*z - 17. Let w(h) = -34*h + 17. Let j(i) = -3*s(i) - 2*w(i). Is j(-6) a prime number?
False
Let f(c) = -7*c - 5. Suppose -5*h + 9 = -0*l + 4*l, -l + 5*h - 29 = 0. Let m be f(l). Suppose -5 = -4*d + m. Is d prime?
True
Suppose -100 = -i + 27. Suppose b = -3*j + i + 335, -5*j + 790 = -5*b. Is j prime?
False
Let c = 4910 + -2937. Is c a composite number?
False
Let j(s) = -s**3 - 5*s**2 - 4*s + 2. Let c be j(-4). Suppose t - p = -2*p + 17, p = -c*t + 38. Is t composite?
True
Let c(y) = -7*y**3 - 3*y**2 - 3*y - 2. Let r be 3/(-2) - 1/2. Let t be c(r). Suppose -t = -b + 3*d, 0 = -b - 4*b + d + 170. Is b a composite number?
True
Is (-2)/6 + 3524/6 a composite number?
False
Let r be (42/(-24))/((-1)/4). Let m = r + -11. Let w(y) = -y**3 - 2*y**2 + y + 3. Is w(m) prime?
True
Let h be (2 + (-6)/3)/1. Let u(s) = -s + 19. Is u(h) prime?
True
Let m(k) = k**3 - 2*k + 1 - 6*k**2 + k - 3*k**3. Let b be 4/(-2*(-2)/(-4)). Is m(b) composite?
False
Suppose 5*r = -0*r - 40. Let g = r + 6. Is (2 + 164)/(0 - g) a composite number?
False
Suppose 0*v + 3*v - 435 = -3*i, -3*i - 161 = -v. Is v a composite number?
False
Suppose -4*f + z + 76 = 0, 3*z - 2*z = 0. Suppose 2*r = -f - 87. Is (-2)/4*r*2 a composite number?
False
Suppose 565 = 2*l - n - 609, 4*l + 3*n - 2358 = 0. Suppose -l = 5*k - 1843. Is k prime?
True
Suppose -5*s + 6*r - 2*r + 2919 = 0, -5*s - 5*r + 2910 = 0. Let n = s - 360. Is n prime?
True
Let r(g) = 3*g - 5*g - 5*g - 6. Let n(i) = 28*i + 23. Let p(j) = -2*n(j) - 9*r(j). Is p(14) a prime number?
False
Suppose -2*s = -s + 5*i - 2139, 4*s - 3*i - 8464 = 0. Is s prime?
False
Let y = 2 + -4. Let m(s) = 28*s. Let o be m(y). Let b = o - -95. Is b a prime number?
False
Suppose 72 = 5*y - y. Let v = 177 - y. Is v composite?
True
Suppose 0 = 2*c - 5*j + 8, 4*c + 0*c - 5*j = 4. Is (-114)/(-9) - (-2)/c prime?
True
Let a be 7/5 - (-16)/(-40). Is 3 + a*(-186)/(-3) composite?
True
Let h(g) = -174*g - 3. Let y be h(-4). Let n = y + -147. Suppose 536 = 4*v + 4*w, 0 = 4*v + w + w - n. Is v a composite number?
False
Let z(s) = -s**3 - 7*s**2 - 10*s - 3. Is z(-8) composite?
True
Is (58/(-8))/(2/(-104)) composite?
True
Let b = 135 + -58. Is b a prime number?
False
Let z be 6*(2 - 131/3). Let p = -173 - z. Is p a prime number?
False
Suppose 0 = -c - 42 + 379. Is c prime?
True
Let j(v) = 2*v**2 - 11*v - 10. Let n be j(-8). Let s = n + -119. Is s a composite number?
True
Let h(g) = 133*g + 1. Is h(2) prime?
False
Let l be (-1)/(-2) + 27/2. Let n be 288/10 + (-6)/(-30). Let p = n - l. Is p prime?
False
Let w = -13 + 8. Let h = -4 - w. Is -3 + 2 - (h + -211) prime?
False
Let v be 3/6 + 12/8. Suppose v*j - 2 - 58 = 2*d, -2*j + 5*d = -51. Is j prime?
False
Let a(l) = 9*l**2 + 5*l + 3. Let z = 8 + -13. Is a(z) a composite number?
True
Let a be 0 - (-13)/2*58. Suppose 0 = 3*s - a - 1060. Is s a composite number?
False
Let f(v) be the second derivative of 5*v**4/12 - 2*v**3/3 + 2*v**2 + 2*v. Is f(3) composite?
False
Let a(v) = -v**3 - 15*v**2 + 4*v + 19. Is a(-16) a composite number?
False
Suppose 2*g - 15 = 141. Suppose b = 3*b - g. Is b a prime number?
False
Is (-2 + (-7)/(-3))*(18 - -1701) composite?
True
Suppose 3*z = -3*c - 828, -2*z + 3*c = 429 + 138. Is z/6*4/(-6) a composite number?
False
Suppose -2*v + 3*j = -v - 31, 2*j + 103 = 5*v. Is v composite?
False
Let w(c) = -2*c + 5. Let t(q) = -2*q + 5. Let r(k) = -5*t(k) + 4*w(k). Let h be r(4). Suppose 0 = h*l + 4*f - 109, 2*f + 148 = 4*l + 6*f. Is l a prime number?
False
Is 809 - (5 + (-2 - 7)) prime?
False
Let l = 8013 + -3082. Is l a composite number?
False
Suppose 2*u - 590 + 1490 = 4*d, 0 = -3*d - 2*u + 661. Is d a prime number?
True
Suppose -3*y + 230 = -5*p, 4*y - 276 = 3*p + 49. Is y composite?
True
Suppose -c + 5*n - 6 + 22 = 0, 3*c - 82 = -2*n. Is c a composite number?
True
Is -1 + (79 - (-4 - 1)) composite?
False
Suppose 10*d + 91 = 11*d. Is d composite?
True
Let i = -208 + 403. Suppose -4*q - i = -v, 5*v - 4*q = -0*v + 943. Is v composite?
True
Let f = -10 + 14. Suppose -3*s = 3*w, -f*w - 14 = -2*s + 4. Suppose s*c + 27 = 2*q, c + 15 + 43 = 3*q. Is q a prime number?
False
Is (-620)/(-4) - -4 - 2 composite?
False
Suppose 6*m - 2*m + 2*x = -26, 0 = 3*m + 4*x + 7. Is m/15 - 448/(-5) composite?
False
Suppose 0 = -5*b - 2*g + 11191, 2*b + 0*g - 3*g - 4465 = 0. Is b prime?
True
Let g be (2/4)/((-5)/1100). Let l = g - -204. Is l a prime number?
False
Let q be (-6)/(-21) - (-4112)/14. Let g = q - 151. Is g composite?
True
Is -1 + -1 - (-1 - 78) a composite number?
True
Let l(k) be the first derivative of k**4/4 - k**2 - 5*k + 4. Is l(4) a prime number?
False
Let m(o) = 36*o + 1. Is m(3) prime?
True
Is 189 + 1/(4/(-16)) a composite number